d by k?
15
Let x(o) = 12*o**2 - 1 + o**3 + 5 + 7. What is the remainder when 30 is divided by x(-12)?
8
Let c(i) = i**2 + i. Let b be c(-1). Suppose b*d - 4*d = -52. What is the remainder when d is divided by 7?
6
Let w be 2/4*6/(-3). Let h be w/(-1) + 24/4. Suppose -h*r = -3*r - 44. Calculate the remainder when 32 is divided by r.
10
Suppose -4*p + 2 + 18 = 0. What is the remainder when (5 + -7)*(-26)/4 is divided by p?
3
Suppose 4*w = -4*u - 0*u + 60, 5*w - 20 = 0. Let r = 143 + -101. Calculate the remainder when r is divided by u.
9
Let f be (-486)/4*(-12)/9. Let r(g) = 4*g**3 + g**2 + 2*g - 6. Let q be r(-3). Let k = q + f. Calculate the remainder when k is divided by 13.
12
Let j(s) = -s**3 + 7*s**2 + 2*s. What is the remainder when 54 is divided by j(7)?
12
Let u(h) be the third derivative of 0*h + 1/60*h**5 + h**2 + 0*h**3 + 0 + 1/12*h**4. Calculate the remainder when 44 is divided by u(3).
14
Suppose -3*r + 20 = -2*r + 2*w, -2*r = -4*w. Calculate the remainder when 39 is divided by r.
9
Let m(o) be the second derivative of 13*o**4/6 + o**3/6 - o**2/2 - o. Let g be m(1). Let x = -16 + g. Calculate the remainder when x is divided by 4.
2
Suppose t = -w + 3*t + 85, 5*t = -3*w + 266. Calculate the remainder when w is divided by 10.
7
Suppose 2*b = -2*b + 76. Calculate the remainder when 51 is divided by b.
13
Let b = -62 - -88. Calculate the remainder when 101 is divided by b.
23
Let o(a) = -a**3 + 4*a**2 - 2*a + 3. What is the remainder when 6/10 + 204/10 is divided by o(3)?
3
Calculate the remainder when 1/(-2) - 83/(-2) is divided by (-2)/(0 + (-4)/22).
8
Let k(p) = 2*p - 12. Let t(g) = g - 5. Let l(h) = 5*k(h) - 12*t(h). Let m be l(3). What is the remainder when (-114)/4*4/m is divided by 7?
5
Suppose g + 1 = 2. Let k = 0 + 1. Calculate the remainder when k is divided by g.
0
Let r = -3 + 18. What is the remainder when r is divided by 6?
3
Let q be 6 - 3 - 1*63. What is the remainder when 23 is divided by (3/5)/((-3)/q)?
11
Suppose 0 = k - 3*u - 24, 2*u + 3 = -u. Suppose 44 = -0*i - 4*i. Let z(l) = 2*l**2 + 17*l + 7. Calculate the remainder when z(i) is divided by k.
20
Let f = 56 - 29. Suppose 0 = -5*u + 3*z + 6, -u - f = -5*u - 5*z. Calculate the remainder when u is divided by 2.
1
Suppose -g - 2 = -2*g. Suppose u = -4*i + 70, -5*i + 6*u = g*u - 98. Let s(r) = -r**2 - 8*r - 5. Calculate the remainder when i is divided by s(-5).
8
Let b(q) = -q**2 + 5. Let m = -8 - -12. What is the remainder when 6/(-3) + m + 12 is divided by b(0)?
4
Let o = 4 - 4. Suppose 5*s - 5*r = 125, o*r = -r + 2. What is the remainder when s is divided by 14?
13
Let y(g) = -g + 1. Let h be y(1). Suppose 0 = l - h*l - 3. Let c = 2 - 0. What is the remainder when l is divided by c?
1
Suppose -4*m = -865 - 63. Let o = 377 - m. Suppose 0*d - o = -5*d. What is the remainder when d is divided by 15?
14
Let o(v) = 0*v**3 - 8*v**2 + 8*v + 0*v**3 + v**3 + 2. Suppose -5*a = -16 - 19. Calculate the remainder when o(a) is divided by 5.
4
Let v = -8 - -20. Calculate the remainder when 31 is divided by v.
7
Let f = 53 + -21. Suppose -b + 0*g = -4*g - 15, -4*b - 3*g + 41 = 0. What is the remainder when f is divided by b?
10
Let v(w) = w + 6. Let t be v(-7). Suppose 3*x + d = 5*d + 15, 3*x = -3*d + 36. What is the remainder when x is divided by -5*(-2 - (-2 - t))?
4
Let d(y) = -y**3 + y**2 + 2*y + 9. What is the remainder when 26 is divided by d(0)?
8
Let g be 2/(-6) - 96/36. What is the remainder when g/(-3)*(-9)/(-3) is divided by 1/1 + 1 + 0?
1
Let f(v) = 9*v + 1. Calculate the remainder when 0 + -4 - (-39 + -1) is divided by f(2).
17
Suppose 5*w = -34 + 179. Let r = w + -20. Calculate the remainder when r is divided by (2/4)/(7/84).
3
Let c = 30 + -1. Let w = c + -16. Calculate the remainder when 25 is divided by w.
12
Let s = -12 + 20. Let j = 2 + s. Calculate the remainder when 17 is divided by j.
7
Let w(a) = -a + 2. Let i be w(0). Suppose 8 = -4*f + i*f. Calculate the remainder when 62 is divided by (f/6)/((-2)/63).
20
Suppose -2*r + 125 + 19 = 0. Let a(o) = 56*o - 429. What is the remainder when r is divided by a(8)?
15
Suppose 380 = 26*q - 21*q. Calculate the remainder when q is divided by 20.
16
Suppose -r - 3*x - 3 = -33, 0 = -4*r - 2*x + 120. Let w(o) = -17*o - 1. What is the remainder when r is divided by w(-1)?
14
Let z(k) = -5*k**3 - 5*k**2 - 6*k - 4. Calculate the remainder when z(-2) is divided by 6.
4
Suppose -4*u + 74 = -3*i, -3*u + 26 = -2*i - 29. Calculate the remainder when 82 is divided by u.
14
Suppose 0 = -2*x + 4*x - 86. Calculate the remainder when x is divided by 16.
11
Let h(n) = 2*n**2 + 3 - 3 + 3 - 6*n. What is the remainder when h(6) is divided by 10?
9
Calculate the remainder when -12*(-1 - 1/(-2)) is divided by 4.
2
Suppose 3*n = -3*x - 2*x + 34, -3*x - 2*n = -21. Suppose -3*c - x*k + 274 = 0, -2*c = -4*c + 5*k + 141. What is the remainder when c is divided by 17?
15
Let n(o) = 3*o**3 - 4*o**2 + 3*o - 1. Calculate the remainder when n(2) is divided by 8.
5
Suppose z + 5*m = 6 + 45, -3*z + 129 = 3*m. What is the remainder when z is divided by 9?
5
Let f(i) = -9*i - 4. What is the remainder when f(-3) is divided by (3/6 - 34/(-4)) + -5?
3
Let n(m) = 4*m - 6. Calculate the remainder when 65 is divided by n(7).
21
Let g(x) = x**3 + 4*x**2 + 2*x - 2. Let c be g(-2). Calculate the remainder when (-106)/(-6) + c/6 is divided by 10.
8
Suppose 160 = 5*t - 15. Calculate the remainder when t is divided by 12.
11
Let m(a) = a + 14. What is the remainder when m(7) is divided by 11?
10
Let t be 3 + (0 - (-6)/3). Suppose 0 = t*b - 4*k - 61, -2*b = -6*b + k + 40. What is the remainder when 24 is divided by b?
6
Let v = 53 - 39. Calculate the remainder when 37 is divided by v.
9
Suppose 0 = 2*d + 5*o + 33, 3 = -4*d - 5*o - 38. What is the remainder when 13 is divided by 0 - 4/d*8?
5
Let m = 46 + -31. Let s = 143 - 85. What is the remainder when s is divided by m?
13
Let k = -1 + -2. Let j = k - -3. Suppose j*q + q - 14 = 0. What is the remainder when 41 is divided by q?
13
Let z(d) = 2*d**2 - 3*d - 1. Let o = -32 + 37. Calculate the remainder when z(-2) is divided by o.
3
Let b(x) = 3*x + 6. Suppose 2*o + 5*c - 6 - 6 = 0, -5*o + 63 = -4*c. What is the remainder when o is divided by b(0)?
5
Let p = -4 - -3. Let v = 3 - p. Suppose -82 = v*c - 6*c. What is the remainder when c is divided by 14?
13
Let m(z) be the first derivative of -z**3/3 - z**2/2 + 3*z + 3. Let y be m(-3). Let g(p) = p**2 + 2*p - 2. What is the remainder when g(y) is divided by 1?
0
Let a(b) = -b**3 + 9*b**2 + 15*b - 15. Suppose -3*q + 10 = -20. Calculate the remainder when a(q) is divided by 12.
11
Suppose -3*j + 14 = n, 3*j + 22 = 3*n - 32. What is the remainder when 101 is divided by n?
16
Let c(d) = -d**2 - 14. Let i be c(0). Suppose 3*x + 5*r = -12 + 34, 0 = 5*x + 2*r - 62. What is the remainder when 270/x - (-4)/i is divided by 10?
9
Suppose 5*i - 42 = 88. Suppose -4 = t - i. Let k = 19 + t. Calculate the remainder when k is divided by 14.
13
Let a = 7 + 3. Calculate the remainder when 19 is divided by a.
9
Let p(c) = 2*c - 8. What is the remainder when p(10) is divided by 3?
0
Let l(u) = -u**3 - 8*u**2 + 13*u - 7. Calculate the remainder when l(-10) is divided by 25.
13
Let x be 3/18 - 428/(-24). Suppose 0 = k - x - 5. Calculate the remainder when 91 is divided by k.
22
Let l(s) = -4*s - 2. Let j be 2/(-4)*2*2. Calculate the remainder when 22 is divided by l(j).
4
Let q = -6 + 11. Suppose -q*w = -3*a + 70, 3*a - 5*w = -2*a + 100. Suppose 0 = -2*n - n + g + a, 2*n + 3*g = -1. Calculate the remainder when n is divided by 2.
0
What is the remainder when 1/(((-12)/177)/(-4)) is divided by 20?
19
Suppose -46 = -5*j + 99. Let p = 18 - 10. Calculate the remainder when j is divided by p.
5
Suppose 1 - 13 = -s. Suppose -u + 34 = 5*y, s = -4*y - 0*y. Calculate the remainder when u is divided by 17.
15
Suppose -6*i = 56 - 548. What is the remainder when i is divided by 22?
16
Let h be 26*(4 - (3 - 0)). Suppose -96 = -2*a - 3*o + h, o = -4*a + 234. Calculate the remainder when a is divided by 15.
13
Suppose -3*m - 5*b = -0*m - 41, -b - 5 = 0. What is the remainder when 41 is divided by m?
19
Suppose 2*z + 1 - 2 = -5*y, 0 = -5*z - 4*y - 6. Suppose 2*s = 4*k + 20, -14 = 4*s + 5*k + 11. What is 